*y**3 - 10*y**2 + 7*y - 7. Let f(b) = -2*b**2 - 7*b**3 - 4 - 4*b + 8 + 6*b**2 + b**2. Let l(r) = 3*a(r) + 5*f(r). What is the tens digit of l(2)?
6
Let o = 1794 + -251. Suppose -3*s = -2*k + 610, k - o = -4*k + 3*s. What is the hundreds digit of k?
3
Suppose 11*l = -12*l + 19527. Suppose 11*b - 4402 + l = 0. What is the tens digit of b?
2
Let l(h) = 9*h - 10. Let c(g) = -g + 2. Let v be c(8). Let r(o) = 26*o - 29. Let f(y) = v*r(y) + 17*l(y). What is the units digit of f(-10)?
4
What is the hundreds digit of (-1244)/8*(-72)/10*(-165)/(-22)?
3
Let a(c) = 2*c + 20. Let w be a(-8). Let x(k) = 5*k**3 - 20*k**2 + 2*k - 7*k - 4*k**3 + w*k + 22. What is the units digit of x(20)?
2
Suppose 2*k - k - 3 = 0. Suppose 0 = -7*a - 11 - k. Let w(v) = -v**3 + 3*v + 2. What is the units digit of w(a)?
4
Let o(z) = z**3 - 44*z**2 + 33*z - 183. What is the tens digit of o(45)?
2
What is the thousands digit of (4682*5/20)/(((-11)/(-154))/1)?
6
Suppose -3*m - 2*s = -24117, -62*m = -61*m + 5*s - 8013. What is the hundreds digit of m?
0
Let u(v) be the first derivative of 32*v**3/3 - 11*v**2/2 - 102*v + 107. What is the thousands digit of u(-6)?
1
Suppose 5*a + p - 152346 + 23301 = 0, 3*p = -15. What is the units digit of a?
0
Suppose 9*s + 36 = 4*o + 4*s, -28 = -4*o + 3*s. Suppose -o*p + 466 = 1726. Let d = p - -479. What is the units digit of d?
4
Suppose -4*y + 1 = -3*f, -2*y + 7*y + 19 = -3*f. Let c be y/4 - (-6 + 40/(-16)). What is the units digit of 4/c - 55/(-2)?
8
Let h be 1400/98 + (-4)/14. Suppose -h*z + 14280 = -4*z. What is the hundreds digit of z?
4
Let d be -1*(-1 + 2) - (-88)/4. Let m be (-2)/7 + 3/(d/842). Suppose -3*r - 2*r = -2*v - m, -2*r = -3*v - 37. What is the tens digit of r?
2
Suppose 0*n + 2*n = 6508. Suppose 4*u - n = -24*i + 23*i, 0 = -5*u - 4*i + 4073. What is the tens digit of u?
1
Let m(k) = -5*k**2 - 359*k + 82. What is the hundreds digit of m(-32)?
4
Suppose -768 = -3*h + 21. Let g be (-6)/(-11) - ((0 - -3) + 37170/(-99)). Let r = g - h. What is the tens digit of r?
1
Let v(n) be the first derivative of n**3/3 + 11*n**2/2 + 38*n + 4. What is the tens digit of v(-10)?
2
Suppose -1475 = -88*s + 1781. Suppose -j = -15 - 12. Let t = s - j. What is the tens digit of t?
1
Suppose 31463 + 21029 = 2*p. What is the units digit of p?
6
What is the ten thousands digit of ((-2)/(-12))/(207/35852814)?
2
Suppose 1143*k - 1147*k + 29268 = 2*i, -5*i - 36615 = -5*k. What is the tens digit of k?
1
Let g = -335 + 353. Suppose -g*c + 4843 = -4265. What is the hundreds digit of c?
5
Let u = -958 - 1307. Let h = u - -4069. What is the hundreds digit of h?
8
What is the thousands digit of (-5 + (-7)/(-28))/(9/(-220536)*2)?
8
Let a = 652 + -649. Suppose 4*d = -a*c - 1242 + 5380, 0 = 4*d + 20. What is the hundreds digit of c?
3
Let h(q) = 18*q + 3688. What is the tens digit of h(-77)?
0
What is the tens digit of 18/(-36) - ((-117029)/14 - 4/14)?
5
Let q(c) be the third derivative of -c**4/24 + 3*c**3 + 4*c**2. Let v be ((-21)/(-28))/((-4)/(-16)) + -11. What is the units digit of q(v)?
6
Let d(t) = t**2 + 2*t - 1. Let h(b) = 2*b - 17. Let p(r) = -2*r + 27. Let g be p(9). Let l be h(g). What is the units digit of d(l)?
2
What is the units digit of 24/(-9)*((-4)/(24/2943) + 3)?
0
Let h(x) = -459*x**3 - 1. Let f be h(1). Let y = f + 798. What is the tens digit of y?
3
Let i(p) = 2*p + 38. Let q be i(-7). What is the tens digit of (-1)/((q/96)/(427/(-4)))?
2
Let z = -12 + 7. Let y(n) = 724*n - 32. Let d be y(z). What is the hundreds digit of d/(-33) - ((-1)/(-3))/(-1)?
1
Suppose i = 151*k - 156*k + 22416, 2*k = 2*i + 8964. What is the thousands digit of k?
4
Let j = -421 + 214. What is the units digit of (3 - j/6)*4/3?
0
Suppose 5*l - 3*c - 2*c = -765, 3*c - 311 = 2*l. Let r = l + 262. What is the units digit of r?
4
Let s(d) = 19*d**3 - 8*d**2 + 22*d - 28. Let a(z) = z**3 - 34*z**2 + 32*z + 37. Let x be a(33). What is the hundreds digit of s(x)?
1
Suppose 20124 = 4*a + t - 0*t, 2*t - 20124 = -4*a. What is the hundreds digit of a?
0
Let u = 73 + -49. Let s = 43 - u. Suppose s - 95 = -z. What is the tens digit of z?
7
Let b(y) = y**3 + 9*y**2 - 10*y - 12. Let r be b(-8). Suppose -14*x + r - 1084 = 0. Let q = -27 - x. What is the tens digit of q?
4
Let i(b) = 13 - 131*b - 76 - 57 - 39. What is the tens digit of i(-5)?
9
Let j = 1007 - 546. Let n = j - -168. What is the tens digit of n?
2
Let w(l) = 8*l**2 - 16*l - 8. Suppose -4*f + 1 = 29. What is the tens digit of w(f)?
9
Let q(w) = 30*w**2 - 2*w - 2. Let z(g) = -30*g**2 + 2*g + 2. Let s(u) = 4*q(u) + 3*z(u). Let f be s(-1). Suppose f*b - 27*b = 51. What is the units digit of b?
7
What is the hundreds digit of 4/(20/235149) - 2*(-10)/(-25)?
0
Let j = -7285 + 15994. What is the hundreds digit of j?
7
Let d = -332 + 49. Let g = d - -531. What is the tens digit of g?
4
Let z = 3 + 50. Let h = z - 103. Let q = 92 + h. What is the units digit of q?
2
Let q = -1 - -14. Let l = q + -20. Let h = l - -28. What is the units digit of h?
1
Suppose -5*y - 418 = -t, -4*t = y - 608 - 1022. Let p = -169 + t. What is the units digit of p?
9
Let n = 658 + -30. Let w = n - -519. What is the thousands digit of w?
1
Let r = -67 - -72. Suppose s = 5*u - 9086, -r*s = 2*u - 2931 - 698. What is the hundreds digit of u?
8
Let u = -249 - -537. Let a(v) = -8*v**2 - 4*v + 141. Let f be a(0). Let z = u - f. What is the units digit of z?
7
Let m(l) = -236*l + 14. Let q(y) = 707*y - 42. Let i(s) = -8*m(s) - 3*q(s). What is the units digit of i(-4)?
6
Let f(z) = -36*z - 24. Let r be f(-14). Suppose 0 = 7*m - 409 - r. What is the tens digit of m?
2
Suppose -6*c + 5*c = -5*s + 2588, 2062 = 4*s - 5*c. Suppose 0 = -152*i + 150*i + s. What is the tens digit of i?
5
Let h(x) be the third derivative of -x**4/4 - 17*x**3 + x**2 - 7. What is the tens digit of h(-23)?
3
What is the units digit of 241*(14 + (8 - 5))?
7
Let w = 370 - 1083. Let q = -397 - w. What is the hundreds digit of q?
3
Let w(q) = q**2 - 3*q - 12. Let f be 21/(-6)*(1 + -1 + 4). Let d be 1 + -4 + 11 + f. What is the units digit of w(d)?
2
Let f be (5 - 1) + 4 + -8. Let t be (f + 0)*(-8)/(-16). Suppose t = 2*y - 4*h - 152, h - 3*h = y - 80. What is the units digit of y?
8
Let d = -308 - -385. Suppose -1028 = -5*f + 4*y, -2*f + d = y - 342. What is the units digit of f?
8
Suppose -173424 = -396*n + 372*n. What is the hundreds digit of n?
2
Suppose -3*u = 3*m - 234, 2*m - 6*m - 2*u = -308. Let j = 77 - m. What is the tens digit of j/(645/(-1350) - (-2)/4)?
4
Let x(m) = m**3 + 11*m**2 + 2*m - 9. Let s be x(-5). Suppose -4*k - s = -3*j, -2*j - k - 125 = -5*j. What is the units digit of j?
1
Let q be ((-8)/(-10))/((-18)/(-45)). Suppose -941 = -p + q*r, 2*p - 3*r + 4*r = 1887. What is the hundreds digit of p?
9
Let i be 13/39 - 202/(-6) - -3. Let b be 9/2 + 2/4. Let h = b + i. What is the units digit of h?
2
Suppose -21*i + 117216 = -21069. What is the units digit of i?
5
Suppose -5*b = -3*b - 2*h - 46, 5*h + 10 = 0. Let f(y) = 5 - 53*y + b*y - 2. What is the units digit of f(-1)?
5
What is the tens digit of (2562/549*54/14)/(4/5922)?
4
Let k(a) be the first derivative of 8*a**2 - 103*a + 49. What is the units digit of k(7)?
9
Let t(f) = -4*f**3 + 74*f**2 - 22*f - 28. Let o be t(18). Suppose 0 = -4*m - 0*m + 76. Suppose 15*z + o = m*z. What is the units digit of z?
6
Let w(r) = 3*r**2 + 15*r - 36. What is the tens digit of w(13)?
6
Suppose 3*n = 5*h + 28057, -4*n + 14443 + 22951 = h. What is the thousands digit of n?
9
Suppose 9*a + 8*a - 14*a = 0. Let d be (a/2)/((-21)/21). Suppose d*w - 3*w + 270 = 0. What is the units digit of w?
0
Let y be (76 + 2)*6/12. Let b be (-26)/(-10) - (y/15 - 3). Suppose 468 = b*c - 3*u, 0*u = 2*c - 5*u - 306. What is the tens digit of c?
5
Let r = -599 - -613. What is the hundreds digit of 9/21 + 10004/r?
7
Suppose -3*l - 2*l = -4*n - 25, -4*n + 2*l = 10. Suppose 0*p + 2*p + a + 425 = n, -3*p = -a + 640. Let y = -146 - p. What is the tens digit of y?
6
Suppose -z + 2*m = -6288, 0 = z - 5*m - 9808 + 3529. What is the tens digit of z?
9
Suppose -4*v - 180 + 52 = 0. What is the units digit of 361 - (2/16)/((-4)/v)?
0
Suppose -3 = s - 4. Let u(b) = -101*b**2 - b + 2. Let f be u(s). Let k = -6 - f. What is the units digit of k?
4
Suppose -16864 = -9*x - 871. Suppos